
What is the units digit of 153?
3
What is the hundreds digit of 2045?
0
What is the units digit of 39515?
5
What is the hundreds digit of 4053?
0
What is the hundreds digit of 3399?
3
What is the tens digit of 3701?
0
What is the thousands digit of 88170?
8
What is the tens digit of 13470?
7
What is the thousands digit of 8949?
8
What is the tens digit of 492?
9
What is the hundreds digit of 1114?
1
What is the tens digit of 15051?
5
What is the thousands digit of 11107?
1
What is the thousands digit of 3973?
3
What is the hundreds digit of 714?
7
What is the units digit of 2452?
2
What is the ten thousands digit of 24332?
2
What is the thousands digit of 4790?
4
What is the hundreds digit of 398?
3
What is the tens digit of 34580?
8
What is the tens digit of 4613?
1
What is the hundreds digit of 10524?
5
What is the hundreds digit of 6563?
5
What is the thousands digit of 9190?
9
What is the tens digit of 14815?
1
What is the ten thousands digit of 17575?
1
What is the tens digit of 595?
9
What is the ten thousands digit of 17652?
1
What is the ten thousands digit of 55783?
5
What is the thousands digit of 33701?
3
What is the hundreds digit of 57824?
8
What is the thousands digit of 6336?
6
What is the tens digit of 67189?
8
What is the units digit of 2189?
9
What is the units digit of 920?
0
What is the hundreds digit of 2758?
7
What is the units digit of 94899?
9
What is the thousands digit of 26283?
6
What is the thousands digit of 1712?
1
What is the hundreds digit of 140?
1
What is the units digit of 751?
1
What is the ten thousands digit of 85841?
8
What is the hundreds digit of 9763?
7
What is the tens digit of 199?
9
What is the tens digit of 52169?
6
What is the thousands digit of 56623?
6
What is the thousands digit of 4196?
4
What is the thousands digit of 3958?
3
What is the units digit of 24888?
8
What is the ten thousands digit of 28047?
2
What is the units digit of 37775?
5
What is the hundreds digit of 4743?
7
What is the tens digit of 102526?
2
What is the hundreds digit of 5423?
4
What is the thousands digit of 6658?
6
What is the units digit of 72174?
4
What is the units digit of 22395?
5
What is the units digit of 357?
7
What is the tens digit of 27693?
9
What is the units digit of 8876?
6
What is the tens digit of 9280?
8
What is the units digit of 485?
5
What is the units digit of 40137?
7
What is the tens digit of 2191?
9
What is the tens digit of 2047?
4
What is the units digit of 79859?
9
What is the thousands digit of 3037?
3
What is the units digit of 50348?
8
What is the tens digit of 1120?
2
What is the hundreds digit of 816?
8
What is the thousands digit of 1053?
1
What is the tens digit of 125501?
0
What is the thousands digit of 10347?
0
What is the thousands digit of 3492?
3
What is the ten thousands digit of 31970?
3
What is the units digit of 12421?
1
What is the hundreds digit of 2052?
0
What is the hundreds digit of 606?
6
What is the tens digit of 1133?
3
What is the hundreds digit of 792?
7
What is the ten thousands digit of 47460?
4
What is the thousands digit of 3656?
3
What is the hundreds digit of 8934?
9
What is the hundreds digit of 395?
3
What is the tens digit of 52225?
2
What is the hundreds digit of 20381?
3
What is the units digit of 11717?
7
What is the thousands digit of 1906?
1
What is the units digit of 4200?
0
What is the hundreds digit of 32027?
0
What is the hundreds digit of 17468?
4
What is the tens digit of 45032?
3
What is the units digit of 68418?
8
What is the hundred thousands digit of 136648?
1
What is the units digit of 2617?
7
What is the hundreds digit of 5048?
0
What is the hundreds digit of 2855?
8
What is the units digit of 151275?
5
What is the units digit of 31364?
4
What is the thousands digit of 1151?
1
What is the tens digit of 1848?
4
What is the tens digit of 151?
5
What is the units digit of 502?
2
What is the units digit of 2862?
2
What is the tens digit of 6529?
2
What is the tens digit of 13096?
9
What is the hundreds digit of 2342?
3
What is the ten thousands digit of 44219?
4
What is the ten thousands digit of 21133?
2
What is the hundreds digit of 4711?
7
What is the units digit of 2268?
8
What is the units digit of 9638?
8
What is the thousands digit of 24642?
4
What is the hundred thousands digit of 132962?
1
What is the units digit of 7711?
1
What is the units digit of 23127?
7
What is the hundreds digit of 239?
2
What is the tens digit of 7811?
1
What is the tens digit of 8651?
5
What is the tens digit of 7857?
5
What is the thousands digit of 3449?
3
What is the hundreds digit of 8635?
6
What is the hundreds digit of 4357?
3
What is the hundreds digit of 131500?
5
What is the hundreds digit of 3712?
7
What is the thousands digit of 3215?
3
What is the units digit of 110426?
6
What is the tens digit of 1081?
8
What is the hundreds digit of 44241?
2
What is the thousands digit of 1427?
1
What is the units digit of 2732?
2
What is the thousands digit of 4634?
4
What is the units digit of 735?
5
What is the units digit of 1353?
3
What is the units digit of 5656?
6
What is the units digit of 578?
8
What is the units digit of 188?
8
What is the hundreds digit of 889?
8
What is the thousands digit of 1747?
1
What is the units digit of 7955?
5
What is the ten thousands digit of 10560?
1
What is the thousands digit of 1178?
1
What is the tens digit of 30?
3
What is the units digit of 12408?
8
What is the tens digit of 135?
3
What is the hundreds digit of 2063?
0
What is the units digit of 658?
8
What is the hundreds digit of 9054?
0
What is the hundreds digit of 1379?
3
What is the tens digit of 5690?
9
What is the tens digit of 477?
7
What is the thousands digit of 2566?
2
What is the tens digit of 224?
2
What is the tens digit of 41?
4
What is the tens digit of 634?
3
What is the tens digit of 33323?
2
What is the hundreds digit of 3489?
4
What is the thousands digit of 7149?
7
What is the hundreds digit of 617?
6
What is the hundreds digit of 20167?
1
What is the units digit of 9819?
9
What is the units digit of 2633?
3
What is the hundreds digit of 6814?
8
What is the units digit of 2235?
5
What is the tens digit of 5931?
3
What is the hundreds digit of 609?
6
What is the units digit of 2280?
0
What is the thousands digit of 17451?
7
What is the thousands digit of 11295?
1
What is the hundreds digit of 1219?
2
What is the tens digit of 131370?
7
What is the units digit of 2707?
7
What is the units digit of 926?
6
What is the hundreds digit of 5689?
6
What is the tens digit of 3805?
0
What is the ten thousands digit of 113649?
1
What is the tens digit of 8573?
7
What is the units digit of 98?
8
What is the units digit of 18891?
1
What is the hundreds digit of 71113?
1
What is the hundreds digit of 258?
2
What is the hundreds digit of 109466?
4
What is the units digit of 23069?
9
What is the thousands digit of 24321?
4
What is the hundreds digit of 109167?
1
What is the hundreds digit of 2433?
4
What is the units digit of 539?
9
What is the thousands digit of 2768?
2
What is the thousands digit of 11622?
1
What is the tens digit of 56676?
7
What is the hundreds digit of 199?
1
What is the tens digit of 22783?
8
What is the hundreds digit of 1527?
5
What is the tens digit of 1150?
5
What is the tens digit of 442?
4
What is the tens digit of 69990?
9
What is the thousands digit of 32275?
2
What is the units digit of 23767?
7
What is the thousands digit of 1950?
1
What is the hundreds digit of 2350?
3
What is the thousands digit of 3395?
3
What is the tens digit of 17687?
8
What is the thousands digit of 7959?
7
What is the ten thousands digit of 22871?
2
What is the tens digit of 4642?
4
What is the thousands digit of 17842?
7
What is the ten thousands digit of 80336?
8
What is the hundreds digit of 22425?
4
What is the thousands digit of 3737?
3
What is the tens digit of 46541?
4
What is the tens digit of 161?
6
What is the hundred thousands digit of 133932?
1
What is the tens digit of 75926?
2
What is the thousands digit of 5478?
5
What is the tens digit of 366?
6
What is the thousands digit of 1765?
1
What is the thousands digit of 28548?
8
What is the units digit of 22630?
0
What is the tens digit of 548?
4
What is the tens digit of 4969?
6
What is the